tor of u and y?
6
Suppose 0 = 3*b + 50 + 349. Let v = b + 241. What is the highest common divisor of v and 36?
36
Let y = -3147 - -3187. Let g(a) = -a + 10. Let p be g(0). Calculate the highest common factor of p and y.
10
Let q be -14*(-18)/4 + 1. Let t = 384 - 224. Calculate the highest common divisor of q and t.
32
Suppose 0 = -14*k + 13*k + 4*v + 64, 0 = -2*k + 5*v + 113. Calculate the greatest common factor of k and 55.
11
Let r be (32/4 - 4) + -38. Let k be 4/(-6) - r/6. Calculate the highest common divisor of 1 and k.
1
Suppose 0 = 5*d - 3*c - 3, 0*d + 2*c = 2*d + 2. Suppose 2 = -o + 3*l, 8*l = d*o + 3*l - 10. Calculate the greatest common factor of o and 20.
10
Let b be (-4)/(-6) + (-920)/(-60). Let l be (8/(b/(-18)))/(-3). What is the highest common factor of l and 33?
3
Let c be (-18)/4*(-140)/21. Suppose -g = 2*g - 225. Calculate the greatest common factor of g and c.
15
Let v(l) = 2*l**2 + 2*l - 4. Let b be v(5). Let j = 56 - 52. Suppose 28 = j*g - 0*g. Calculate the highest common divisor of g and b.
7
Suppose 11*l - 2*l = 9. Suppose -2*s + 7 = -l. What is the greatest common divisor of s and 4?
4
Suppose -60*z = -1402 + 262. What is the highest common divisor of z and 7?
1
Let r(y) = -y**2 + 7*y + 3. Let u be r(4). Let t be (-25)/u + (-2)/6. Let j be 4 + (-6)/t + 0. What is the highest common factor of 49 and j?
7
Suppose 200 = 6*n - n. Let f = 6 - -65. Let g = -11 + f. Calculate the greatest common factor of n and g.
20
Let m = 1119 - 384. What is the greatest common factor of m and 30?
15
Let d(q) = 2*q**2. Let n be d(-3). Suppose i + 2*i = n. Let b(c) = 3*c**2 + 78*c + 288. Let v be b(-4). Calculate the highest common divisor of i and v.
6
Suppose -2*t = -2*f + 4442, 20*f - 21*f + 2224 = 2*t. Calculate the greatest common divisor of f and 22.
22
Let z(u) = -108*u + 20. Let c be z(-5). Calculate the highest common divisor of c and 160.
80
Let a be (38/(-4))/(3/6 + -1). Let v = 23 - a. Suppose -4*n + 0 + 24 = 0. Calculate the greatest common divisor of n and v.
2
Let r(x) = -66*x - 42. Let s be r(-2). What is the highest common factor of s and 72?
18
Suppose -1500 = 239*x - 240*x. Calculate the greatest common factor of x and 60.
60
Let z be 0*1/2 + -104 + 214. Calculate the highest common divisor of 2 and z.
2
Let s be (-273)/(-84)*6*8. What is the greatest common factor of 390 and s?
78
Let z = 2451 - 2447. Let w be (3 - 2)/(2/(-36)). Let l = -10 - w. What is the highest common divisor of l and z?
4
Suppose -c - 60 = -3*c. Let q = -31 + 40. Let f be ((-25)/3 + (-6)/q)*-5. Calculate the highest common factor of f and c.
15
Suppose 3 = l + y - 5*y, -3*y = -5*l - 36. Let u be (-1 + 4)/((l/114)/(-1)). What is the greatest common divisor of 19 and u?
19
Let o = -2 + 6. Suppose 449 = 3*j + 2*b, -5*j + 0*j = -o*b - 785. Calculate the greatest common divisor of j and 17.
17
Let m(g) = -g**3 + 16*g**2 - 57*g - 10. Let d be m(10). Calculate the greatest common factor of d and 148.
4
Let t(r) = r**3 + 14*r**2 - 31*r - 6. Let a be 9/30*5*-10. Let h be t(a). Calculate the greatest common factor of h and 26.
26
Let t(d) = 6*d**2 - d**3 + 4*d**2 + 434*d - 19 - 418*d. Let g be t(11). Calculate the greatest common factor of g and 18.
18
Suppose -3*x - 3*l + 60 = 0, 6*x - 115 = 2*x + 3*l. Suppose -19*z + 1600 = -11*z. What is the greatest common factor of z and x?
25
Suppose 0 = -u + 4*r - 8, u - 2*r = 1 + 1. Calculate the greatest common factor of u and 15.
3
Suppose 75*l = 71*l + 4. Let x(w) = 19*w**3 - 2*w**2 + 4*w - 1. Let t be x(l). What is the greatest common divisor of t and 100?
20
Let h(m) = m + 5. Suppose 4*l + 6 = 6*l. Suppose i = l*i. Let z be h(i). Calculate the highest common factor of 25 and z.
5
Let z = -169 - -439. What is the greatest common divisor of z and 27?
27
Suppose 1078 = -3*l + 10*l. Suppose 2*k - 2*q - l = 0, 3*q = -3*k + 2*k + 93. Let y be (-65)/(-7) + (-4)/14. Calculate the greatest common factor of k and y.
9
Let m(l) = l + 16. Let o be m(-12). Suppose 3*w - o = 47. Let p = 62 - 28. Calculate the greatest common factor of p and w.
17
Let u be 3 - ((-1 - -1) + 3). Let k be 213 + u + 12/4. Calculate the greatest common divisor of 27 and k.
27
Let y = 292 + 49. Let u = 58 + -27. Calculate the highest common divisor of u and y.
31
Let y(q) = 3*q**2 + 1. Let j be y(-1). Suppose 4*r - 124 = 2*t + 2*t, t = j*r - 133. Let n = r + -16. Calculate the highest common factor of n and 9.
9
Suppose -5*o - 3*i + 9 = -20, 4*o = 3*i + 7. Let l(v) = o - 6*v**3 + 9*v**2 - 2*v**3 + 7*v**3. Let m be l(9). What is the greatest common divisor of m and 6?
2
Let n = -4 - -1. Let j = 11 + n. Suppose 440 = -3*p + j*p. What is the highest common divisor of p and 11?
11
Suppose 15*b + 21*b = 216. What is the highest common factor of b and 1146?
6
Let c = -19353 + 19361. Suppose -k = 3*k - 128. What is the greatest common divisor of k and c?
8
Let u be -5 + (36/(-21) - 4/14). Let d be (-24)/42 - 102/u. What is the highest common divisor of 14 and d?
14
Let j(h) = 2*h**2 - 6*h - 24. Let i be j(6). Calculate the highest common factor of 276 and i.
12
Suppose 0 = -2*t + 19 - 7. Suppose t + 10 = r. Calculate the highest common divisor of r and 128.
16
Let c be (48/(-20))/(1/(-80)). Let t be (-4)/20 + 1928/40. What is the highest common divisor of c and t?
48
Suppose -31*z + 575 - 79 = 0. Calculate the greatest common factor of 432 and z.
16
Suppose 0 = -3*h + 4*h + 18. Let p = h - -32. What is the greatest common factor of 98 and p?
14
Let a = 39 - -87. Let v be -1 + 2 + -10 + 18. Let t be 10/(-45) - (-128)/v. What is the highest common divisor of t and a?
14
Let c = -1654 + 1705. What is the highest common divisor of 3264 and c?
51
Let x = -71 - -73. Let p be (-210 - -6)*x/(-3). Calculate the greatest common divisor of 17 and p.
17
Suppose 6*f - f + 69 = 4*s, -87 = -4*s - f. Suppose -s*g + 16*g = -225. Calculate the greatest common factor of 15 and g.
15
Let n(v) = 2*v**2 + 2*v - 7. Let k be n(5). Let g = 17268 + -17215. Calculate the greatest common divisor of g and k.
53
Let b(u) = 10*u + 8 - u - 5. Let m(s) = 3*s - 13. Let z be m(6). Let p be b(z). Calculate the greatest common divisor of p and 8.
8
Let w(h) = h**3 + 47*h**2 + 47*h + 50. Let i be w(-46). Calculate the highest common divisor of i and 50.
2
Let r be (-1)/(-2 - (-60)/28). Let d(p) = p**2 + 6*p - 7. Let j be d(r). Let a be -3 + j - (-1 + -227). Calculate the greatest common factor of a and 25.
25
Suppose 4*g - 164 = 4*m, 88 = 2*g - 2*m + 6*m. Let x be (-1 - 4*4/(-8)) + g. Calculate the greatest common factor of x and 473.
43
Suppose 8*n = 4*n. Suppose n = -3*d - 2*d - 185. Let y = -15 - d. Calculate the greatest common divisor of 2 and y.
2
Suppose -5*a = -c + 19, 3*c - 26 - 13 = -3*a. Let b = 54 - c. What is the greatest common divisor of b and 8?
8
Suppose -t - 3*t = -576. Let y be 60/6 + (3 - (2 - 5)). What is the greatest common factor of y and t?
16
Let d(a) = a**3 + 8*a**2 + 6*a - 5. Let v be d(-7). Suppose 36 = 10*h + v*h. Calculate the greatest common factor of 24 and h.
3
Let t(m) = -2*m + 9*m + m**3 + 9*m**2 - 2*m - 10*m**2. Let f be t(3). Let r(i) = i - 3. Let h be r(6). Calculate the greatest common factor of h and f.
3
Let l(p) = p - 9. Suppose 10 = 3*q + 4. Suppose 0 = q*o + 3*s - 29, -62 = -5*o - 0*o - 4*s. Let f be l(o). Calculate the highest common factor of f and 3.
1
Let g be 6*1/3*3. Suppose -g*v = -0*v - 228. Calculate the highest common factor of v and 19.
19
Suppose -68 = -5*r - 28. Let a be (-891)/(-55) - 3/15. Calculate the highest common divisor of a and r.
8
Let n(v) = -19*v - 12. Let k be n(-23). What is the greatest common factor of k and 17?
17
Let o be (1 + (22 - 1))/((-6)/(-6)). Calculate the highest common divisor of o and 55.
11
Suppose -23 = -5*p - 2*a, 3*a - 6*a = p - 15. Let u be (-1*23 - -1)/(-2). Let s = u - p. Calculate the highest common divisor of 4 and s.
4
Let u be (2 - -10)*(2 + -1). Suppose -16*z - 11*z + 3564 = 0. Calculate the highest common factor of u and z.
12
Let x be (1 - 0)*(12 - 9). Suppose -x*f = m - 75, -3*f + 26 = 5*m - 409. What is the highest common factor of m and 10?
10
Let y be ((-27)/6)/(41/(-246)). Calculate the highest common factor of y and 2889.
27
Let x = 308 + -213. Let n = -1893 + 1931. Calculate the highes